nd 5099679?
3393
Calculate the greatest common factor of 293 and 8192.
1
What is the greatest common factor of 25178888 and 8?
8
Calculate the greatest common factor of 254673 and 1278.
9
What is the highest common divisor of 8817532 and 8?
4
What is the greatest common factor of 2762823 and 102?
51
Calculate the highest common factor of 13044038 and 31136.
1946
What is the highest common divisor of 24 and 7566786?
6
Calculate the greatest common divisor of 577468 and 875936.
124
What is the greatest common divisor of 1135016 and 15502?
674
What is the greatest common factor of 1644 and 7345803?
411
Calculate the highest common factor of 36 and 2035377.
9
What is the greatest common divisor of 50948439 and 51?
51
What is the greatest common factor of 421029 and 547596?
2583
Calculate the greatest common factor of 5786179 and 55361.
1909
Calculate the greatest common factor of 61 and 258077214.
61
Calculate the highest common factor of 402598 and 2562.
14
What is the greatest common factor of 32832538 and 716?
358
What is the greatest common divisor of 8793262 and 2586?
862
What is the greatest common factor of 30031695 and 108?
27
What is the greatest common factor of 90361064 and 808?
808
Calculate the highest common divisor of 135 and 906480.
45
Calculate the highest common divisor of 5036850 and 15366.
78
What is the greatest common divisor of 1546261 and 7?
1
Calculate the greatest common divisor of 91599453 and 20295.
4059
Calculate the highest common divisor of 1633400 and 26680.
40
Calculate the highest common factor of 5343 and 177309236.
1781
Calculate the greatest common divisor of 433677 and 999.
111
Calculate the greatest common divisor of 91519290 and 90.
90
Calculate the highest common divisor of 333652552 and 3056.
1528
Calculate the greatest common divisor of 901103 and 23653.
763
Calculate the greatest common divisor of 24 and 2228592.
24
Calculate the greatest common factor of 990 and 4191990.
330
What is the greatest common divisor of 22576161 and 366?
183
Calculate the highest common divisor of 9155120 and 26.
26
Calculate the highest common factor of 27570 and 6615.
15
Calculate the greatest common divisor of 2163403 and 242.
11
Calculate the greatest common divisor of 776 and 382762.
194
What is the greatest common divisor of 263671 and 302375?
2419
What is the highest common divisor of 284512 and 39168?
544
What is the greatest common divisor of 1 and 3866437?
1
Calculate the greatest common factor of 47285 and 4279196.
193
What is the greatest common factor of 337920138 and 54?
18
Calculate the highest common divisor of 6 and 904796.
2
Calculate the highest common factor of 222447517 and 3837.
1279
Calculate the greatest common factor of 1722160 and 650408.
1672
Calculate the greatest common divisor of 1005 and 2340578.
67
What is the highest common factor of 2307 and 111704940?
2307
What is the greatest common factor of 247608 and 550602?
3258
What is the greatest common factor of 28875 and 6910596?
231
What is the highest common divisor of 989 and 1251637?
23
Calculate the greatest common factor of 221670 and 247320.
270
Calculate the greatest common factor of 712 and 2243712.
8
Calculate the highest common factor of 628 and 32848011.
157
What is the greatest common divisor of 234955 and 826630?
1715
Calculate the highest common factor of 177503722 and 6380.
638
Calculate the greatest common divisor of 1711314 and 3498.
66
Calculate the greatest common divisor of 457002 and 39.
39
Calculate the highest common factor of 41720 and 6707980.
2980
Calculate the highest common divisor of 6457428 and 108.
108
What is the greatest common factor of 7292318 and 105512?
2398
Calculate the greatest common factor of 112442 and 1076.
538
What is the greatest common factor of 1391 and 1049113?
13
Calculate the highest common divisor of 80679157 and 65.
13
What is the highest common divisor of 629852 and 80984?
212
Calculate the greatest common divisor of 312595941 and 21.
21
Calculate the greatest common factor of 156 and 36182406.
78
What is the greatest common divisor of 25501216 and 1534?
1534
What is the highest common divisor of 894576 and 1968?
48
What is the highest common factor of 42802720 and 160?
160
What is the highest common factor of 44832 and 5344?
32
Calculate the greatest common divisor of 10030 and 628694.
34
Calculate the highest common factor of 230004 and 774.
18
Calculate the highest common divisor of 49137 and 5997692.
1489
What is the highest common factor of 7802 and 503887?
47
Calculate the highest common factor of 360731916 and 72.
36
What is the greatest common divisor of 270736144 and 168?
56
Calculate the highest common factor of 144215230 and 110.
10
What is the greatest common divisor of 24909 and 3098463?
1083
What is the greatest common divisor of 76703 and 354882?
209
Calculate the highest common divisor of 296845602 and 102.
102
What is the highest common factor of 168 and 58037?
7
Calculate the greatest common factor of 26 and 11042902.
26
What is the greatest common divisor of 5275 and 92129985?
1055
What is the highest common factor of 1762893 and 171?
9
Calculate the highest common divisor of 16 and 74268.
4
What is the greatest common divisor of 10736 and 5917?
61
Calculate the greatest common divisor of 23653530 and 1170.
90
What is the highest common divisor of 213 and 421485?
3
Calculate the highest common factor of 748 and 3198278.
34
What is the greatest common factor of 354 and 44046214?
118
Calculate the greatest common divisor of 21450 and 24546600.
1950
Calculate the greatest common factor of 1491363 and 81.
9
What is the greatest common divisor of 18739550 and 3930?
1310
Calculate the greatest common factor of 189 and 8489241.
9
What is the greatest common factor of 585 and 1303245?
45
Calculate the greatest common divisor of 4 and 11900790.
2
What is the highest common factor of 616 and 7078533?
77
What is the greatest common divisor of 111649 and 535853?
311
Calculate the greatest common divisor of 6255549 and 297.
27
Calculate the highest common divisor of 216061263 and 81.
81
What is the highest common factor of 81 and 5351211?
27
Calculate the greatest common divisor of 350984 and 14669208.
4808
Calculate the greatest common factor of 4744862 and 10.
2
What is the highest common divisor of 423161146 and 1206?
134
Calculate the greatest common divisor of 115813 and 8592.
179
What is the greatest common divisor of 112166582 and 88?
22
Calculate the greatest common divisor of 14841358 and 140.
14
Calculate the greatest common factor of 8789 and 53169831.
517
What is the greatest common factor of 323266 and 34209?
181
Calculate the greatest common divisor of 3856 and 3664.
16
What is the highest common divisor of 836 and 9294230?
418
What is the highest common divisor of 150962 and 24682?
574
Calculate the greatest common factor of 39 and 2566436613.
39
Calculate the greatest common divisor of 140 and 1338380.
20
Calculate the greatest common divisor of 10398960 and 35568.
1872
What is the highest common divisor of 38421 and 154968969?
4269
Calculate the highest common divisor of 5497280 and 154816.
2624
Calculate the highest common factor of 3101371506 and 306.
306
What is the highest common factor of 42439939 and 8024?
1003
Calculate the highest common factor of 38136 and 66304.
56
What is the greatest common divisor of 11692 and 19139804?
11692
Calculate the highest common divisor of 4773 and 242128.
37
What is the greatest common divisor of 7275474 and 108?
54
What is the highest common divisor of 248 and 85596?
4
Calculate the highest common divisor of 3073136 and 1298.
22
What is the greatest common factor of 5235906 and 1273?
19
Calculate the highest common factor of 2933 and 18109.
7
What is the highest common factor of 6918270 and 2795?
215
Calculate the greatest common factor of 76625 and 273725.
25
Calculate the highest common divisor of 39693 and 319771.
131
Calculate the greatest common factor of 1680 and 461520.
240
Calculate the highest common factor of 192 and 170809152.
192
What is the greatest common factor of 653250 and 2990?
130
What is the greatest common divisor of 2360 and 42251080?
2360
What is the highest common factor of 9900 and 134700?
300
What is t